
What is the thousands digit of 4557792?
7
What is the units digit of 7593953?
3
What is the millions digit of 7149766?
7
What is the thousands digit of 6157403?
7
What is the units digit of 232256?
6
What is the units digit of 184290?
0
What is the units digit of 65839?
9
What is the hundreds digit of 817434?
4
What is the ten thousands digit of 141566?
4
What is the hundred thousands digit of 996805?
9
What is the ten millions digit of 22244384?
2
What is the thousands digit of 7870959?
0
What is the hundred thousands digit of 2611371?
6
What is the thousands digit of 8119?
8
What is the thousands digit of 6927445?
7
What is the units digit of 52270?
0
What is the thousands digit of 7357166?
7
What is the millions digit of 16569532?
6
What is the units digit of 1200695?
5
What is the ten millions digit of 31359899?
3
What is the ten thousands digit of 3022704?
2
What is the tens digit of 9613700?
0
What is the ten thousands digit of 684386?
8
What is the thousands digit of 167442?
7
What is the units digit of 339821?
1
What is the hundreds digit of 257291?
2
What is the hundred thousands digit of 6304288?
3
What is the tens digit of 339140?
4
What is the hundred thousands digit of 8834294?
8
What is the units digit of 997599?
9
What is the thousands digit of 117512?
7
What is the thousands digit of 137560?
7
What is the units digit of 1981136?
6
What is the hundreds digit of 334062?
0
What is the thousands digit of 23891?
3
What is the ten thousands digit of 158254?
5
What is the millions digit of 1970724?
1
What is the millions digit of 4295973?
4
What is the millions digit of 3765366?
3
What is the units digit of 171766?
6
What is the tens digit of 373584?
8
What is the thousands digit of 80373?
0
What is the units digit of 1009686?
6
What is the hundreds digit of 723797?
7
What is the tens digit of 285614?
1
What is the hundred thousands digit of 454806?
4
What is the tens digit of 536516?
1
What is the tens digit of 417882?
8
What is the thousands digit of 5127694?
7
What is the tens digit of 87018?
1
What is the hundreds digit of 694887?
8
What is the tens digit of 932633?
3
What is the units digit of 235280?
0
What is the units digit of 552?
2
What is the hundreds digit of 1132455?
4
What is the hundreds digit of 87505?
5
What is the units digit of 16583?
3
What is the hundreds digit of 1131282?
2
What is the hundred thousands digit of 22431886?
4
What is the ten millions digit of 21514362?
2
What is the units digit of 1495754?
4
What is the thousands digit of 16321638?
1
What is the tens digit of 653259?
5
What is the hundred thousands digit of 5555159?
5
What is the hundreds digit of 7163679?
6
What is the ten millions digit of 10769528?
1
What is the ten thousands digit of 25401524?
0
What is the hundred thousands digit of 476490?
4
What is the ten thousands digit of 598091?
9
What is the units digit of 415951?
1
What is the hundred thousands digit of 9038226?
0
What is the thousands digit of 7509759?
9
What is the thousands digit of 2037183?
7
What is the ten thousands digit of 576612?
7
What is the hundred thousands digit of 7878396?
8
What is the hundred thousands digit of 227698?
2
What is the hundreds digit of 195277?
2
What is the tens digit of 2435751?
5
What is the ten thousands digit of 44226?
4
What is the thousands digit of 686137?
6
What is the units digit of 165201?
1
What is the tens digit of 966130?
3
What is the tens digit of 2146322?
2
What is the hundred thousands digit of 362038?
3
What is the ten thousands digit of 67615?
6
What is the units digit of 55309?
9
What is the thousands digit of 6259456?
9
What is the thousands digit of 1708639?
8
What is the tens digit of 346624?
2
What is the millions digit of 16341199?
6
What is the ten thousands digit of 153372?
5
What is the hundred thousands digit of 866606?
8
What is the ten thousands digit of 16175693?
7
What is the tens digit of 6002007?
0
What is the tens digit of 287843?
4
What is the millions digit of 1845839?
1
What is the hundreds digit of 3670480?
4
What is the units digit of 5179307?
7
What is the hundred thousands digit of 5500143?
5
What is the thousands digit of 481380?
1
What is the tens digit of 34743?
4
What is the hundreds digit of 890421?
4
What is the units digit of 4016718?
8
What is the ten thousands digit of 35746447?
4
What is the hundreds digit of 5045156?
1
What is the thousands digit of 958920?
8
What is the hundred thousands digit of 216740?
2
What is the ten millions digit of 16002972?
1
What is the millions digit of 2559549?
2
What is the millions digit of 5155400?
5
What is the ten thousands digit of 1395569?
9
What is the ten thousands digit of 106422?
0
What is the ten thousands digit of 2466277?
6
What is the ten thousands digit of 3816445?
1
What is the thousands digit of 41333426?
3
What is the units digit of 617360?
0
What is the units digit of 2323925?
5
What is the tens digit of 286278?
7
What is the ten thousands digit of 612440?
1
What is the hundred thousands digit of 13450354?
4
What is the ten thousands digit of 6875594?
7
What is the hundreds digit of 9471?
4
What is the thousands digit of 2535947?
5
What is the ten thousands digit of 2399058?
9
What is the hundred thousands digit of 425339?
4
What is the tens digit of 361103?
0
What is the millions digit of 7671390?
7
What is the ten thousands digit of 518335?
1
What is the thousands digit of 647764?
7
What is the hundreds digit of 53994?
9
What is the hundred thousands digit of 2667234?
6
What is the ten thousands digit of 2889173?
8
What is the hundred thousands digit of 24744346?
7
What is the hundred thousands digit of 668179?
6
What is the ten thousands digit of 84084?
8
What is the thousands digit of 396965?
6
What is the units digit of 198626?
6
What is the millions digit of 9946129?
9
What is the hundred thousands digit of 6429735?
4
What is the hundred thousands digit of 2620621?
6
What is the ten thousands digit of 479796?
7
What is the hundred thousands digit of 896444?
8
What is the hundred thousands digit of 16598826?
5
What is the thousands digit of 9521243?
1
What is the tens digit of 1498570?
7
What is the ten thousands digit of 390968?
9
What is the thousands digit of 3877074?
7
What is the hundred thousands digit of 8418195?
4
What is the thousands digit of 632125?
2
What is the millions digit of 3608666?
3
What is the hundred thousands digit of 371162?
3
What is the hundreds digit of 1090249?
2
What is the ten thousands digit of 3315774?
1
What is the millions digit of 4105309?
4
What is the hundred thousands digit of 533146?
5
What is the hundred thousands digit of 3588992?
5
What is the hundred thousands digit of 585132?
5
What is the tens digit of 2044713?
1
What is the tens digit of 237061?
6
What is the ten thousands digit of 496578?
9
What is the tens digit of 5593578?
7
What is the tens digit of 1427434?
3
What is the hundred thousands digit of 1527455?
5
What is the hundred thousands digit of 107674?
1
What is the hundreds digit of 160130?
1
What is the thousands digit of 1749378?
9
What is the thousands digit of 3875939?
5
What is the ten millions digit of 13214561?
1
What is the tens digit of 2245385?
8
What is the thousands digit of 375261?
5
What is the thousands digit of 1241844?
1
What is the thousands digit of 112243?
2
What is the thousands digit of 125893?
5
What is the ten thousands digit of 10948865?
4
What is the ten thousands digit of 4443807?
4
What is the ten thousands digit of 350207?
5
What is the millions digit of 1322015?
1
What is the units digit of 3654070?
0
What is the tens digit of 6308430?
3
What is the hundred thousands digit of 10012664?
0
What is the thousands digit of 30108?
0
What is the hundreds digit of 141043?
0
What is the units digit of 2037298?
8
What is the ten thousands digit of 352588?
5
What is the hundreds digit of 1822057?
0
What is the units digit of 2143173?
3
What is the tens digit of 933474?
7
What is the thousands digit of 2304280?
4
What is the tens digit of 868437?
3
What is the tens digit of 369981?
8
What is the tens digit of 2202972?
7
What is the hundreds digit of 45311?
3
What is the units digit of 274743?
3
What is the tens digit of 5871490?
9
What is the units digit of 2100970?
0
Wh